Is (132 - 0/(-3)) + o a prime number?
True
Suppose -5*p - 14 = -5*t + 16, 0 = 3*t + 4*p - 32. Suppose 2*f + 2*b + t = 0, 3*f + 2*b = -2*b - 17. Is (-126 - f)/(-4 - -3) a prime number?
True
Let n(x) = x**3 + 5*x**2 + 3*x + 1. Let q be n(-4). Let l(c) = -4*c + 2. Let a be l(q). Is 2/(-9) - 202/a a prime number?
True
Suppose 0 = -3*i, -3*o - i + 6 = -0. Let x be o/7 + 244/28. Suppose -149 + x = -4*w. Is w a prime number?
False
Let m = -6 - 10. Suppose 3*a - 28 - 17 = 0. Let x = a - m. Is x a composite number?
False
Let v(l) be the second derivative of -l**5/20 - 2*l**4/3 - 5*l**3/6 + 3*l. Let c be v(-7). Is 233/7 + 4/c prime?
False
Let f = 24 - 39. Let y = 10 - f. Suppose 5*d - y = 70. Is d a composite number?
False
Let u(m) = m. Let p(g) = -10*g + 2. Let y(k) = -p(k) + 6*u(k). Let b be y(4). Let a = 139 - b. Is a a composite number?
True
Suppose 4*y - 1048 = -4*y. Is y a prime number?
True
Let p(g) = g**3 - 4*g**2 - 5*g + 17. Is p(13) a prime number?
False
Suppose -4*d = 2*g - 1250, 3*g - 581 = -d + 1319. Suppose -5*y - 135 = 3*s - g, -3*s - 470 = -5*y. Is y a composite number?
False
Let i(z) = -9*z + 684*z**2 - 1 + 9*z. Is i(-1) prime?
True
Let w(y) = 32*y**2 - 9*y - 6. Is w(-5) prime?
True
Let v = -171 + 277. Is v a composite number?
True
Let k(x) = -x**2 + 7*x + 5. Let c be k(7). Suppose 0 = 4*z - c*m - 9 - 6, 2*m = -z + 7. Suppose -41 - 24 = -z*y. Is y a prime number?
True
Is -814*1*(-2)/4 a prime number?
False
Is (0 + 21/(-14))/((-3)/4666) a prime number?
True
Is -2 + (-318)/(-8) - (-1)/4 a composite number?
True
Let z(v) = v**2 - 11*v + 14. Is z(27) prime?
False
Suppose -7*i = -2*i - z + 47, -5*i - 37 = 4*z. Is (-7)/(-1)*(-477)/i a prime number?
False
Suppose 4*s = -2*c - 0*s + 22, -3*s - 29 = -5*c. Suppose -5*w + a + 7 = 0, 2*w = w + 3*a - c. Suppose 243 = 3*m - 3*l, -l = w*m + m - 235. Is m prime?
True
Let p = -4 - -6. Suppose -3*g - p*k + 252 = 3*k, 3*k = 0. Suppose -b + 55 = 2*n - g, 2*b = n - 57. Is n prime?
True
Suppose 2 - 29 = -3*p. Suppose 0*a - 3*a = p. Is (1/a)/((-2)/150) a composite number?
True
Let z(y) = -4*y**3 - 7*y**2 - 2. Is z(-5) composite?
True
Let n be (-2)/(-3) - (-2)/6. Is -1 - -89 - 2 - n prime?
False
Is (-23)/(4/204*-3) a prime number?
False
Let u(w) = -19 + 6*w + 12*w + 36*w. Is u(10) a prime number?
True
Let j(l) = 3*l**3 + l**2 + 2*l + 1. Let k be j(-1). Let h be ((-21)/k)/(-2 + 1). Is h/(-21)*(339 - 0) prime?
True
Let u(i) = -79*i - 79. Is u(-18) composite?
True
Let s = 3 + 2. Is (1 + -78)*(s - 6) a composite number?
True
Suppose 6 = 3*l - 4*i - 0, -5*l + 4*i + 18 = 0. Let x be 38/9 + l/(-27). Suppose t + 509 = 4*g, -70 - 53 = -g - x*t. Is g a prime number?
True
Suppose 5*j - 121 = -p, p + 3*j = 2*p - 105. Is p prime?
False
Suppose -11*y - 43064 = -19*y. Is y prime?
False
Let x(g) be the second derivative of -13*g**3/2 - g**2 - 2*g. Is x(-3) a prime number?
False
Suppose -8*l = -3*l. Is l - (-4 - 25) - -4 a prime number?
False
Let d(b) = 4*b**3 - 4*b**2 + 11*b - 6. Is d(5) composite?
False
Suppose 3*q - 1973 = y, -301 = -q + 5*y + 352. Suppose -q = -2*p + 312. Is p composite?
True
Suppose -4*n = -n - 6. Is (0 - -7)*(1 + n) composite?
True
Let y be (-27)/(-6) + 2/4. Suppose -4*i - x = 866, -2*i + 424 = -4*i - y*x. Let c = i - -372. Is c prime?
False
Suppose 0 = -2*x + 3*i + 2*i - 26, -46 = 5*x - 3*i. Let y = -5 - x. Suppose 2*h - 7*h = -y*c - 189, 2*h + 4*c = 86. Is h prime?
False
Let n(p) = 44*p**2 + p. Is n(-1) a prime number?
True
Let x be (3 + 1)*(-3)/(-2). Suppose -31 = -5*h + 4*i, -x*h + 5*i + 35 = -h. Suppose 257 = h*q - 16. Is q prime?
False
Suppose j - 1704 = 5*j. Let p = j - -797. Is p prime?
False
Let a = -85 + 158. Let r be (-724)/18 + 2/9. Let t = r + a. Is t prime?
False
Let y(w) = 49*w**2 - 4*w + 3. Is y(2) a prime number?
True
Let h(l) be the third derivative of -l**4/8 + l**3/3 - 2*l**2. Let f be h(-4). Is 494/f - (-2)/(-7) composite?
True
Let o(s) = s**2 + 7*s - 1. Let m(d) = -d**2 + d. Let w(r) = -4*m(r) + o(r). Is w(2) composite?
True
Let n(f) = -35*f - 12. Is n(-7) composite?
False
Is 4 + (-4 - (-693 - 2)) a prime number?
False
Suppose 0 = 2*t - 6*t. Suppose 2*a = -2*a + i + 88, t = -4*i. Is a composite?
True
Let x = 10 - 6. Let g(t) = -3*t - 1 + 0*t**2 + 6*t**2 - t**2 - t**3. Is g(x) prime?
True
Suppose -3*o = 4*h - 1695, 5*o + 2*h - 3368 + 543 = 0. Is o composite?
True
Is ((-2)/4)/(7/(-1078)) a composite number?
True
Let p(i) = 7*i**2 + 8*i + 4. Is p(-5) prime?
True
Suppose 7*x + 5 = 2*x + 3*r, -2*r + 20 = 5*x. Suppose -x*n + 4*n = 5*a + 42, 4*n - 5*a - 84 = 0. Is (-1 - n)*(-14)/4 a prime number?
False
Is 3/((-3)/(-3133)) - (14 + -18) composite?
False
Suppose 10*h - 11*h = -485. Is h a composite number?
True
Is ((-322)/28)/(2/76)*-1 composite?
True
Suppose 10*k + 30 = 5*k. Let d be (k/(-8))/((-3)/(-12)). Suppose -d*l + 5*b = -58, 3*l - 5*b = -3*b + 43. Is l prime?
True
Suppose -3*r + 14 = -r. Suppose u + r = 3*g, -3*u = -0*u + g - 9. Let o(b) = 8*b**3 - 4*b**2 + 2*b + 1. Is o(u) a prime number?
True
Suppose 6*d - 3*y = 2*d - 6, 5*d - 4*y + 7 = 0. Let z(c) = -18*c + 1. Is z(d) a prime number?
False
Let m = 263 + 79. Suppose -2*d + 2*w = -m - 96, 430 = 2*d - 4*w. Is d a prime number?
True
Let m(g) = -13*g + 29. Is m(-14) composite?
False
Suppose -86 = 3*v - 5*v. Let s = v - -334. Is s composite?
True
Let t(j) = -3 - 2 + 7*j - 6*j + 4*j - 3*j**2. Let n be t(4). Let i = n + 52. Is i prime?
True
Let t be 3/(-2)*(-16)/6. Let j(n) = -2*n**3 - 9*n**2 + 6*n + 4. Let b(g) = 3*g**3 + 9*g**2 - 5*g - 5. Let o(a) = t*j(a) + 3*b(a). Is o(8) prime?
False
Let u(j) = -j**2 + 89 + 2*j**3 - j**3 + 5*j - 4*j. Is u(0) a composite number?
False
Suppose 3*a = -z - 9, 2*z + z - 5*a = 29. Suppose -4*o - 4*g = -324, -o + 182 = o - z*g. Is o prime?
False
Let b be (-10)/12 - (-5)/(-30). Let s = 3 - b. Is s prime?
False
Suppose 2*j - 768 = 358. Is j a composite number?
False
Let c(a) = 11*a - 1. Let v(x) = x**2 - x. Let o be v(-1). Let u(q) = q. Let i be u(o). Is c(i) prime?
False
Let i(a) = a**3 + 5. Let c be i(0). Suppose -2063 - 1182 = -c*r. Is r a prime number?
False
Suppose 6*c = -5*c + 11605. Is c prime?
False
Suppose 5*a = 1461 + 2194. Is a composite?
True
Let x = -16 - -21. Suppose -a + 1266 = x*a. Is a a prime number?
True
Let o(h) = -8*h. Let t = -2 - -8. Let p(n) = -9*n - 1. Let b(f) = t*o(f) - 5*p(f). Is b(-10) composite?
True
Suppose -3*x - 4*q = -0*q - 24, 2*q + 6 = 0. Suppose 0 = -3*n + 7*n - 5*t - x, -5*n + 3*t = -15. Suppose -114 = -n*o + 3*g, 3*o = -g + 79 + 31. Is o composite?
False
Suppose 4*s - 4 = 8*s, s + 38 = q. Is q composite?
False
Let q(o) = -68*o - 27. Is q(-6) composite?
True
Let q(i) = i**2 + 3*i - 18. Let u be q(12). Suppose -j + v + u = 0, 0*j - 3*j - 4*v + 479 = 0. Is j a prime number?
False
Let c(w) = -7*w**3 + 2*w + 3. Suppose -v + 5*v = -3*b + 15, 10 = 2*b - 2*v. Suppose 0 = 5*u - b + 15. Is c(u) a prime number?
False
Let c(n) = -n**3 + 3*n**2 - n + 7. Let g be c(3). Suppose 111 = g*m - m. Is m a composite number?
False
Let c = 1191 + 758. Is c a prime number?
True
Let v(z) = -25*z - 1. Let d(m) = -3 - 2 - m + 3. Let c be d(0). Is v(c) a prime number?
False
Suppose 5*r = -3*b - 667, -4*b + 4*r = 8*r + 892. Let z = b + 409. Is z prime?
False
Let s(p) be the first derivative of -p**4/2 - p**3 + p**2 - 1. Let m = -16 - -13. Is s(m) a prime number?
False
Let y(w) = 2*w - 1. Let h be y(2). Suppose 3*g - 204 = -h*p, -2*g - g = 2*p - 202. Is 6/2*g/9 a composite number?
True
Let g be ((-10)/(-6) - 1)*33. Suppose -g + 1818 = 4*y. Is y a composite number?
False
Suppose 0 = -2*w + y - 4*y - 24, 0 = 4*w - y + 76. Let o be 4/w + (-2)/(-9). Let v = 11 - o. Is v a composite number?
False
Suppose i = 3*g - 2*i - 11364, 5*i + 15153 = 4*g. Is g a prime number?
False
Let k(f) = -5*f - 3. Let p(m) = 1. Let q(n) = -k(n) - p(n). Let y be q(6). Suppose 0 = -2*w + 2*c + 18, 3*w - 2*c - y = -0*c. Is w a prime number?
False
Suppose -3*j + 3 = 12. Let m be (-1 + 1)*j/(-3). Suppose d - 2*s = 73, m = 7*d - 2*d - 2*s - 381. Is d composite?
True
Suppose -5*l = 5*o + 2 + 3, 2*l = -3*o. Suppose -2*i + 379 = -x, -i = o*x - 3*x - 188. Is i a prime number?
True
Suppose 0*a - 4*a = -8. Let i be (5 - 0)*(a + -3). Let w(q) = -7*q + 2. Is w(i) a composite number?
False
Suppose 0 = u + f - 4*f - 18, 2*f = -10. Suppose 